 - 7, -111*u + 115*u - 12 = 0. Suppose h*t = 11*t - 5*f - 536, -5*f = -3*t + 1608. What is the tens digit of t?
3
Let p(c) = -134*c - 56. Let u be p(-24). Suppose -16*q - 4*q + u = 0. What is the tens digit of q?
5
Let v(i) = i**2 - 7*i + 31*i - 15*i - 7. Let s be v(-11). Suppose 460 = s*q - 10*q. What is the units digit of q?
2
Suppose 1552387 = 56*c + 138555. What is the thousands digit of c?
5
Let o be (28/35)/((-8)/100). What is the units digit of (13 + 472)*((-16)/o - 1)?
1
Suppose -5*u + u = -12. Let q(p) = 5 + 10*p**2 - 3 - p**u + 3*p - 14. What is the units digit of q(10)?
8
Suppose -2*n = -4 - 2. Suppose -2*m - n*j + 591 = 0, m + 0*m = -3*j + 294. What is the units digit of m?
7
Let j(w) = 22*w + 7. Let o = 26 + -28. Let r be j(o). Let h = r + 53. What is the tens digit of h?
1
Let q(g) = g**3 - g**2 - 29*g. Suppose 0 = -55*a + 47*a + 64. What is the tens digit of q(a)?
1
Let b = -43652 - -78975. What is the units digit of b?
3
What is the hundreds digit of (17/2 + -13)*-1574?
0
Suppose -4*p - 12 = -8*p. Suppose 6*n - p*n = 0. Suppose n = 3*i - 35 - 166. What is the tens digit of i?
6
Suppose -3*r + 5*r = -7*r + 95814. What is the hundreds digit of r?
6
Suppose -6*i + 4 = -2*i. Let q be i*(-5)/(5/2). Let s = q + 74. What is the tens digit of s?
7
Let q be (-4)/1 - (-181 + 0). Let r = 534 - q. Suppose d - j - 129 = 48, 2*d - 5*j = r. What is the hundreds digit of d?
1
Suppose t + 2*f - 4 = -3, -2*t + 4*f = -34. Suppose -t*d - 5*d = -2156. What is the tens digit of d?
5
Let p(o) = -6*o**3 - 4*o + 3. Let x be p(-4). Suppose m + 2*r = x, -11*m + 14*m - r - 1209 = 0. What is the hundreds digit of m?
4
Let d = -18177 + 33999. What is the units digit of d?
2
Suppose -3*h - 170 = -20*h. Suppose -h*r - 3849 = -10379. What is the tens digit of r?
5
Suppose 2*b - 45847 = -3*y, -3*b = -5*y + y - 68813. What is the ten thousands digit of b?
2
Suppose -3 = n, 2*i + 5*n + 5 = -0*n. Suppose 4*d = i*m + 13, -d + 3*m + 1 = -4. Suppose -d*g = -5*g + 912. What is the hundreds digit of g?
3
Let q = -29 + 29. Suppose 2*j - 8 - 4 = q. Suppose 0 = -0*x + j*x - 600. What is the units digit of x?
0
Let z(s) = -s**3 + 11*s**2 - 11*s + 12. Let k be z(10). Suppose 4*y - 6 = k*y. Suppose 45 + 0 = y*r. What is the units digit of r?
5
Let i(u) = 252*u**2 - 149*u - 175. What is the hundreds digit of i(-10)?
5
Let u be ((-2)/(-5))/(4/130). Suppose -u*w + 18130 = 22*w. What is the units digit of w?
8
Let s(o) be the second derivative of 3*o**3 + 7/12*o**4 - 27*o + 0 - o**2 - 1/20*o**5. What is the tens digit of s(6)?
4
Let y = -1196 + -565. What is the tens digit of y/(((-5)/(-5))/(-6)*9)?
7
Let u be (-2)/3 - -5*(-21)/45. Let n be 0/1*(u - 25/(-10)). Suppose -3*s - 2*p = -245, -4*s + 2*p - 3*p + 325 = n. What is the units digit of s?
1
Suppose 20*h = -130*h + 1026300. What is the hundreds digit of h?
8
Let g(a) = -16*a - 4. Let h be g(2). Let q be 138/(-8)*192/h. Suppose 0 = 5*y + p - 905 - q, 2*y - 402 = -2*p. What is the hundreds digit of y?
1
Let q = 59 + -57. Suppose 2*d - 5*j = 126, q = -4*d + 3*j + 240. Let r = 164 - d. What is the tens digit of r?
0
Let c = 1 - -5. Suppose -16 - 140 = -c*b. Suppose 3*y - 5*y = -b. What is the tens digit of y?
1
Suppose 10*l = -615 - 85. What is the tens digit of 188 + 440/l + 2/7?
8
Let t(v) = -61*v**2 + 40*v - 25. Let c be t(8). Let a = 5373 + c. What is the hundreds digit of a?
7
Suppose 0 = 5*b, 2*z + 2*b + 27 = 5*z. Suppose -18 + 24 = 6*f. What is the units digit of (-50)/(-6) - f/(z/12)?
7
Let l(g) = -g**3 + 58*g**2 + 28*g + 167. What is the tens digit of l(27)?
2
Let m(o) = 138 - 142 - 148*o + 0*o. What is the hundreds digit of m(-3)?
4
What is the hundreds digit of (-18)/(-48) - 1166718/(-48)?
3
Let t be (-4)/(-18) - 14/(-18). What is the hundreds digit of (-1*(t - 2))/((-10)/(-3290))?
3
Let d(x) be the second derivative of 31*x**3/3 + 30*x**2 + 2*x - 14. What is the tens digit of d(6)?
3
Let f be -1 + (-3)/(2 + -1). Suppose 9*m + 6*m - 16 = 7*m. What is the units digit of (-12)/f*m + -3?
3
Suppose -3*v + 5288 = 6*n - 5*n, -3*v + 2*n + 5300 = 0. What is the units digit of v?
4
Suppose 0 = 2*a - 5*k + 2678, -4*a = -2*a - 2*k + 2666. Let b = a + 2308. Suppose b = 8*m + 3*m. What is the units digit of m?
9
Suppose -231*w + 122*w + 134*w - 72800 = 0. What is the thousands digit of w?
2
Suppose -247 = 6*l - 775. What is the tens digit of (6 - l - -5)*28/(-4)?
3
Let j(r) = r**2 - 9*r + 13. Let g be j(9). Suppose 9 = x + 4*s - g, 4*s + 188 = 4*x. What is the units digit of (x/(-7) - -8)*18/4?
9
Suppose -6*w + 459 = 207. What is the hundreds digit of (-10840)/(-18) + w/(-189)?
6
Let i = 1118 + -580. Let n = -66 + i. What is the hundreds digit of n?
4
Let o = 26306 + 20443. What is the units digit of o?
9
Suppose g + 0*g = -3*b + 20, 3*b + 3*g = 24. Suppose -2*c - 5*u = 4, -3*c + b*c = -u + 7. Let k(d) = 21*d - 9. What is the units digit of k(c)?
4
Let w = 61 - 59. Let l be w/1 - ((1 - -2) + -9). Let v(f) = 3*f - 23. What is the units digit of v(l)?
1
Suppose 54 = 4*s + 102. Let b be ((-18)/4)/(6/s). Suppose -6*x = -b*x + 294. What is the tens digit of x?
9
Suppose 8261 = 2*l + 3*h, 34*l - 33*l - 4138 = -4*h. What is the tens digit of l?
2
Suppose 2*j - 1280 = -3*g, 4*g - 2202 - 354 = -4*j. Let p be 4*(-3 - (-75)/12). Suppose -6*h = -p*h + j. What is the units digit of h?
1
What is the tens digit of 9/((-216)/27080)*-3*3?
5
Let q(g) = -117*g + 53. Suppose 3*b = -2*n, -2*b + 25 = 2*n + 23. What is the hundreds digit of q(b)?
2
Let n be ((-493)/(-68))/(2/8). Suppose 16 = 4*s, n = 2*r + 5*s + 9. Suppose -k - 2*k + 311 = -4*t, r = k - 5*t - 122. What is the tens digit of k?
9
Let u(i) = 2239*i - 395. What is the units digit of u(2)?
3
Let j(q) = -q**3 + 11*q**2 - 3*q - 41. Let w(n) = -4*n - 130. Let i be w(-35). What is the units digit of j(i)?
9
Let s(c) = 2*c**3 + 6*c**2 + 23*c - 244. What is the thousands digit of s(16)?
9
What is the units digit of -194 + 186 + (-1753)/(1 + -2)?
5
Let t(b) = 473*b + 419. What is the thousands digit of t(4)?
2
Suppose -4*a = -2*b - 1040, -4*a + 5*a = b + 261. Let u = a - -112. What is the hundreds digit of u?
3
Let r(w) = w**3 - 5*w**2 - 4*w - 5. Let o be r(6). Suppose -145 = o*b - 1566. What is the tens digit of b?
0
Let x(p) = -5*p**2 - 2*p + 3. Let y be x(2). Let s be 7/77 - (5 - (-1590)/66). What is the units digit of (-7)/(y/9) - s?
2
Suppose -2*f - v + 15660 = 0, 141*f - 2*v = 142*f - 7833. What is the thousands digit of f?
7
Let n = 5796 + -3402. What is the hundreds digit of n?
3
Suppose -904 = -4*n - 6*u + 2*u, 2*n - 4*u - 440 = 0. Suppose -239*r + 1471 = 4*d - 238*r, -3*d + 3*r + 1122 = 0. Let h = d - n. What is the tens digit of h?
4
Let h be 6 + (-226)/(-3)*3. Suppose 496 = 2*n + 2*g, -n + 0*g = -3*g - h. What is the hundreds digit of n?
2
Let m = 91 - 90. Suppose 0*b = -5*u + 4*b + m, -2*b = -2. What is the tens digit of 74 + (1 - (0 + u + 0))?
7
Suppose -6*w + 165 = 105. Suppose w*h - 259 - 551 = 0. What is the units digit of h?
1
Let n(t) = 133*t - 650. What is the tens digit of n(12)?
4
Suppose 2*o + 21408 = 10*o. Let h = o - 1332. What is the tens digit of h?
4
Let y(j) = 10*j**2 + 8*j - 6. Suppose -4*t + 5*m + 13 = -16, -5*t - 3*m + 27 = 0. What is the units digit of y(t)?
2
Let r be (-2)/26 - (-15547)/(-13). Let k = r + 2484. What is the thousands digit of k?
1
Suppose 57*s - 13*s = 182424. What is the hundreds digit of s?
1
Let y(h) = -23*h**3 + 2*h**2 + 2*h + 1. Suppose -8*m + 9*m = 0. Suppose 5*v = 3*f - m*v + 18, -5*f - 17 = -4*v. What is the units digit of y(f)?
4
Let j = -21180 - -46555. What is the thousands digit of j?
5
Let u = 42236 - 18860. What is the hundreds digit of u?
3
Let v(m) = 4*m**2 + 59*m + 13. Suppose 21*w - 40*w = 513. What is the thousands digit of v(w)?
1
Suppose 0 = 4*y + 124 - 84. What is the tens digit of ((-2)/(-5))/(y/25)*-731?
3
Suppose -9*u - 1608 = 3432. Let r = u + 1260. What is the hundreds digit of r?
7
Suppose -4*b + 18190 + 5938 = 0. What is the units digit of b?
2
What is the units digit of 6848040/383 + 9/2 + (-2)/(-4)?
5
Let w = 154707 + -89587. Suppose -7*f = 37*f - w. What is the hundreds digit of f?
4
Let i be (-24 - 912/4) + (16 - 0)/2. Let t = 112 + 296. Let j = i + t. What is the tens digit of j?
6
Suppose 0 = -p + 6739 + 3905 